+ 10*h - 1. Let j be l(k). What is the greatest common divisor of 70 and j?
10
Suppose 4*k = 14*k - 1457 - 463. What is the greatest common divisor of k and 1840?
16
Suppose 1744*i = -x + 1746*i + 63, 3*x - 178 = -5*i. Let r be (-3846)/(-9) - (-2)/(-6). Calculate the highest common factor of r and x.
61
Suppose 22*q - 20166 = -1092. Let u = q - 817. Calculate the greatest common factor of 1200 and u.
50
Suppose -2*t + 592 = -2*f, 0 = -3*t + f + 392 + 504. Calculate the greatest common factor of t and 660.
60
Let n be (312/585 - 4/(-30))*147. What is the highest common factor of 16 and n?
2
Let t = -54 + 94. Let f be -1*4*(-93)/124. Suppose -16 + t = f*x. Calculate the greatest common divisor of 8 and x.
8
Let m = 6 + -3. Suppose m*v = v + 130. Suppose 510*o = 431*o + 338 + 689. What is the greatest common divisor of v and o?
13
Suppose -55 = -22*i + 290 + 51. Calculate the greatest common divisor of 1438 and i.
2
Suppose 0 = 4*b - 20, b = -38*z + 36*z + 437. What is the greatest common divisor of 128 and z?
8
Suppose 4*d + 8*x = 11*x + 442, d - x = 109. What is the highest common factor of 25 and d?
5
Let b = 6787 + -6616. Let d be (-2)/(((-2)/(-2))/(-1)). Suppose -d*y = 5*j - y - b, 2*y = -j + 27. What is the highest common divisor of j and 14?
7
Let g(l) = 2*l**3 - 18*l**2 + 4*l + 2. Let x be g(9). Let n be ((-1)/(3/10))/(x/(-114)). What is the greatest common divisor of n and 320?
10
Let x be 198/5 - 2/(-5). Suppose -j + 2*n + 165 = 0, -58*j + n + 342 = -56*j. Let o = 189 - j. Calculate the highest common divisor of x and o.
8
Let u = 8500 - 8395. What is the greatest common divisor of u and 1695?
15
Suppose 19*a = 31*a - 48. Suppose 149 = a*s + 93. Calculate the greatest common factor of s and 28.
14
Let l = -14681 - -14741. Suppose o - 6*o = -200. What is the greatest common factor of l and o?
20
Suppose -4*r + 488 = -d - 0*d, 3*d + 603 = 5*r. Calculate the highest common divisor of 21 and r.
3
Suppose 2*s + 133 = n - 21, -3*n - 288 = 4*s. Let t = -88 - s. Let r be (-86)/(-4) - t/26. Calculate the highest common factor of 55 and r.
11
Suppose -5*s - 35*s - 20680 = 0. Let k be ((-564)/s)/(2/22). Calculate the greatest common divisor of k and 3.
3
Suppose 4*o = 5*t - 16, t + 2*o = -0*t + 6. Suppose -3*l + 4*n + 27 = 6*n, -4*n + 5 = -l. What is the highest common factor of l and t?
1
Let t = 88 - 82. Suppose 75 = 7*d - t*d. What is the greatest common divisor of d and 75?
75
Let m(k) = k**3 - 6*k**2 + 8*k - 11. Let g be m(5). Let v be g/(-10) - 3152/(-80). What is the highest common factor of v and 312?
39
Suppose 0 = 17*k + 30776 - 40211. What is the greatest common factor of k and 50?
5
Suppose -3*x - 2*x + 20 = 0. Suppose x*s + 7 - 27 = 0. Let k be (-1*(-3 + 1))/2. What is the greatest common divisor of k and s?
1
Suppose 53 = l + 2*p, -57*l - 25 = -58*l + 5*p. Calculate the highest common divisor of 2730 and l.
15
Suppose 1089 = 175*u - 174*u + 5*p, -45 = -5*p. What is the greatest common factor of 3364 and u?
116
Let i = -34 - -36. Let s(v) = -2*v**3 + 3*v**2 + 4*v - 3. Let d be s(i). Let m = 32 + d. Calculate the highest common divisor of 11 and m.
11
Let o(g) = 12*g**2 + 632*g + 64. Let l be o(-53). Calculate the greatest common factor of 2852 and l.
92
Let c be (3609 - -1) + 1*(-7 - -12). Calculate the highest common factor of 30 and c.
15
Suppose -63 - 437 = -25*d. Calculate the greatest common divisor of d and 710.
10
Suppose 3*j - 520 = 2*u, -23*u = -21*u + 16. Calculate the greatest common factor of 2632 and j.
56
Let i = -20 - -22. Suppose -4*k = i*k + 54. Let w be ((-27)/6)/((-4)/((-240)/k)). Calculate the greatest common factor of w and 10.
10
Suppose 2*k - 5 - 12 = 5*o, -5*k - 2*o + 115 = 0. Let j(i) = i**3 - 20*i**2 - 22*i + 23. Let p be j(k). Calculate the greatest common factor of 38 and p.
2
Suppose -88 + 144 = 7*u. Let b = -170 - -418. What is the greatest common divisor of u and b?
8
Let w be (-22)/6 + (-8)/24. Let b be (22/33)/(w/(-30)). Suppose -2*r = -b*m + 176, 4*m - 4*r - 148 = -6*r. Calculate the greatest common divisor of 12 and m.
12
Let b be 1068 - 3 - 29/((-203)/56). What is the highest common factor of 333 and b?
37
Let r(h) = h**3 + 9*h**2 - 15*h - 28. Let x be r(-10). What is the greatest common factor of x and 10?
2
Let n be (-65 + 55)/((-3)/15). What is the highest common factor of 11450 and n?
50
Suppose 320*f - 325*f - p + 1167 = 0, -4*f - 2*p + 930 = 0. Calculate the highest common divisor of f and 520.
26
Suppose -4*n = -5*x + 2387, -3*x - 3*n + 453 + 990 = 0. Suppose 8*l - 7*l = -m + 93, 0 = 5*m - 2*l - x. What is the greatest common divisor of 38 and m?
19
Let k(p) = -p**3 + 7*p**2 - 3*p - 6. Let w be k(6). Calculate the greatest common factor of 9 and w.
3
Let v(u) = 33*u**2 + 139*u + 560. Let i be v(-4). What is the greatest common divisor of 1121 and i?
19
Let p(s) = s**3 - 12*s**2 + 30*s - 10. Let z be p(9). Suppose -351 = -z*j + 295. Calculate the highest common divisor of j and 114.
38
Let c be (-62 - (-6650)/100)/(3*(-2)/(-19880)). What is the highest common factor of 42 and c?
42
Let j be (-2 + 12/9)*33. Let z = j + 293. Suppose 0 = 11*f - 422 - z. What is the greatest common factor of 14 and f?
7
Suppose 40*k = -146 + 666. Calculate the greatest common divisor of 221 and k.
13
Suppose -15*y = -16*y - 25*y + 35360. What is the highest common factor of 2480 and y?
80
Let g(v) = v**2 + 11*v + 204. Let j be g(33). Suppose 26*x + j = 32*x. What is the highest common divisor of x and 24?
12
Let n be 1223/(1067/(-121) - -10) - 4/(-26). Calculate the highest common divisor of 621 and n.
207
Let k be 4 - (0 - (-5)/1). Let y be 2 + 1 - -4 - k. Let o be (16/(-4) + -104)/(9/(-6)). What is the highest common factor of y and o?
8
Let k = 692 - 681. Suppose -4*f + a + 1608 = 0, 1592 = 4*f + 6*a - k*a. What is the highest common factor of 93 and f?
31
Suppose -4*b = -349 + 37. Let w = -54 + b. What is the greatest common divisor of w and 8?
8
Let l(z) = -417*z**3 - 8*z**2 - 8*z - 1. Let v be l(-1). Suppose -7*m = -4*m - 156. Calculate the highest common divisor of m and v.
52
Let o(i) = 6*i**2 - 177*i - 1425. Let j be o(-8). Calculate the greatest common factor of j and 25.
25
Let o(i) be the first derivative of -i**3/3 + 8*i**2 - 11*i - 90. Let z be o(14). Calculate the greatest common divisor of 1 and z.
1
Suppose 5*n - 56 = -3*u, -18 - 28 = -5*n + 2*u. Suppose -5*q + 20 = n. Suppose s - q*s + 5 = 0. What is the highest common divisor of 65 and s?
5
Let a be ((-12)/36)/(((-8)/(-972))/(-2)). What is the greatest common factor of 4779 and a?
81
Suppose 0 = -12*z + 18*z + 900. Let d = 165 + z. What is the highest common factor of d and 435?
15
Let k be 2/(-2)*31*(-3 - -2). Let b(i) = 12*i**2 + i - 16. Let q be b(-5). Calculate the greatest common divisor of k and q.
31
Let f = -9 + 9. Let w(x) = -x**3 + x - 3. Let q be w(f). Let g be (q*(-8)/36)/((-1)/(-6)). What is the highest common divisor of g and 44?
4
Let q(a) = a + 21. Let o be q(25). Suppose -b = -2*l - 29, -3*b + 2*l + l + 78 = 0. What is the greatest common divisor of b and o?
23
Suppose -2*x + 448 = -888. Let j = -374 + x. Suppose -2*c + j = c. Calculate the greatest common divisor of 14 and c.
14
Let c(f) = -f**2 - 19*f + 9. Let p be 2/((7 + -4)/(-3)). Let z be (-114)/9 - (8/6)/p. Let h be c(z). What is the highest common divisor of h and 31?
31
Let r(u) = 5*u**3 + 2*u**2 - 3*u + 3. Let i be r(2). Suppose 2 = 8*v + 50. Let n be v - (-2 + 6)*(-12 + 3). What is the greatest common factor of n and i?
15
Suppose -2*m + 44590 + 22902 = 0. What is the highest common divisor of 188 and m?
94
Suppose -84 = 5*w - 89. Let a = -4 + 8. What is the greatest common divisor of a and w?
1
Let x = 30329 + -30073. Calculate the highest common divisor of x and 2.
2
Let u(d) = 265*d + 556. Let j be u(14). Calculate the highest common divisor of j and 18.
18
Suppose 5*x + 2*t - 1600 = 0, -488 = t - 488. What is the greatest common divisor of 5440 and x?
320
Let c be 750 + 10 + -17 + (-4 - -2). Calculate the greatest common divisor of 456 and c.
57
Suppose -2*p + 4*p = 0. Suppose p*q - 62 = 2*q - 4*h, q = 4*h - 27. Let i = q + 43. What is the greatest common divisor of i and 72?
8
Suppose 3*j - 463 = 5*d + 606, j = 5*d + 343. Let g be 1/((-2)/(5*-38)). Let z be 